the prime factors of 15532132.
2, 7, 11, 211, 239
What are the prime factors of 93126?
2, 3, 11, 17, 83
What are the prime factors of 44292?
2, 3, 3691
List the prime factors of 23275946.
2, 41, 373, 761
What are the prime factors of 4847820?
2, 3, 5, 43, 1879
What are the prime factors of 8426?
2, 11, 383
List the prime factors of 13748123.
1481, 9283
List the prime factors of 2246282.
2, 29, 38729
List the prime factors of 1705786.
2, 852893
List the prime factors of 2169793.
97, 22369
List the prime factors of 187153.
17, 101, 109
What are the prime factors of 4326036?
2, 3, 11, 13, 2521
List the prime factors of 1123461.
3, 43, 2903
List the prime factors of 1022654.
2, 511327
List the prime factors of 15894656.
2, 23, 5399
List the prime factors of 217368.
2, 3, 3019
What are the prime factors of 144138?
2, 3, 24023
What are the prime factors of 837513?
3, 31019
List the prime factors of 246919.
246919
What are the prime factors of 408444?
2, 3, 101, 337
List the prime factors of 1464077.
379, 3863
What are the prime factors of 462612?
2, 3, 19, 2029
What are the prime factors of 362559?
3, 17, 7109
What are the prime factors of 10990538?
2, 13, 149, 2837
What are the prime factors of 131012?
2, 7, 4679
What are the prime factors of 4902224?
2, 306389
What are the prime factors of 358156?
2, 17, 23, 229
What are the prime factors of 56957?
56957
What are the prime factors of 190401?
3, 63467
List the prime factors of 1813896.
2, 3, 7, 59, 61
List the prime factors of 349402.
2, 41, 4261
List the prime factors of 4557109.
41, 111149
What are the prime factors of 223185?
3, 5, 14879
What are the prime factors of 3424637?
499, 6863
List the prime factors of 2448820.
2, 5, 11, 11131
What are the prime factors of 6518147?
6518147
What are the prime factors of 813291?
3, 271097
List the prime factors of 382928.
2, 7, 13, 263
List the prime factors of 77077.
7, 11, 13
What are the prime factors of 398454?
2, 3, 7, 53, 179
What are the prime factors of 2390727?
3, 17, 46877
What are the prime factors of 4338539?
4338539
What are the prime factors of 364890?
2, 3, 5, 12163
List the prime factors of 16369369.
29, 43, 13127
What are the prime factors of 833844?
2, 3, 11, 6317
List the prime factors of 20531030.
2, 5, 13, 157931
What are the prime factors of 8255591?
17, 181, 2683
What are the prime factors of 28666?
2, 11, 1303
What are the prime factors of 268762?
2, 13, 10337
List the prime factors of 318603.
3, 61, 1741
List the prime factors of 1568361.
3, 522787
List the prime factors of 1344041.
19, 127, 557
List the prime factors of 252323.
252323
List the prime factors of 3278081.
3278081
List the prime factors of 184055.
5, 131, 281
What are the prime factors of 8800231?
11, 89, 101
What are the prime factors of 1073919?
3, 7, 11, 4649
List the prime factors of 528809.
61, 8669
List the prime factors of 4531954.
2, 7, 323711
List the prime factors of 73126.
2, 36563
List the prime factors of 1523216.
2, 31, 37, 83
What are the prime factors of 1374918?
2, 3, 229153
What are the prime factors of 13545522?
2, 3, 71, 3533
What are the prime factors of 139732?
2, 181, 193
List the prime factors of 3488889.
3, 73, 89, 179
What are the prime factors of 14100453?
3, 522239
What are the prime factors of 1127880?
2, 3, 5, 13, 241
What are the prime factors of 476854?
2, 7, 34061
List the prime factors of 496682.
2, 31, 8011
What are the prime factors of 115375?
5, 13, 71
What are the prime factors of 2500862?
2, 7, 13, 151
List the prime factors of 612490.
2, 5, 23, 2663
List the prime factors of 2100346.
2, 157, 6689
What are the prime factors of 278457?
3, 101, 919
What are the prime factors of 16760969?
2069, 8101
What are the prime factors of 2541739?
2541739
List the prime factors of 16776903.
3, 11, 13, 39107
List the prime factors of 11173365.
3, 5, 7, 79, 449
What are the prime factors of 22629521?
3691, 6131
What are the prime factors of 10255570?
2, 5, 13, 78889
List the prime factors of 628750.
2, 5, 503
List the prime factors of 446925.
3, 5, 59, 101
What are the prime factors of 6436850?
2, 5, 7, 53, 347
What are the prime factors of 384103?
101, 3803
List the prime factors of 7567290.
2, 3, 5, 28027
List the prime factors of 1840430.
2, 5, 184043
What are the prime factors of 217385?
5, 7, 6211
What are the prime factors of 4209345?
3, 5, 7, 23, 83
What are the prime factors of 5729349?
3, 1909783
List the prime factors of 801475.
5, 32059
What are the prime factors of 24183?
3, 2687
List the prime factors of 43494.
2, 3, 11, 659
List the prime factors of 18765441.
3, 2085049
List the prime factors of 127172.
2, 31793
What are the prime factors of 163567?
163567
What are the prime factors of 131322?
2, 3, 43, 509
What are the prime factors of 159345?
3, 5, 3541
List the prime factors of 155266.
2, 29, 2677
List the prime factors of 839407.
683, 1229
What are the prime factors of 1048603?
157, 6679
List the prime factors of 4004760.
2, 3, 5, 23, 1451
What are the prime factors of 39982?
2, 19991
List the prime factors of 35378845.
5, 37, 191237
List the prime factors of 1021803.
3, 340601
List the prime factors of 3095898.
2, 3, 13, 19, 2089
List the prime factors of 417531.
3, 139177
List the prime factors of 147971.
73, 2027
List the prime factors of 10994479.
53, 207443
What are the prime factors of 3989580?
2, 3, 5, 7, 23, 59
List the prime factors of 333403.
7, 47629
What are the prime factors of 3836922?
2, 3, 639487
List the prime factors of 271001.
457, 593
List the prime factors of 8067397.
13, 620569
What are the prime factors of 516467?
7, 89, 829
What are the prime factors of 4782265?
5, 79, 12107
What are the prime factors of 7215857?
11, 655987
What are the prime factors of 3458365?
5, 113, 6121
List the prime factors of 7556377.
2371, 3187
What are the prime factors of 98073?
3, 17, 641
What are the prime factors of 11201585?
5, 2240317
What are the prime factors of 1077806?
2, 139, 3877
What are the prime factors of 114324?
2, 3, 7, 1361
List the prime factors of 3149662.
2, 31, 37, 1373
List the prime factors of 597815.
5, 119563
List the prime factors of 258770.
2, 5, 113, 229
What are the prime factors of 2077086?
2, 3, 11, 2861
List the prime factors of 2704157.
2704157
List the prime factors of 146012.
2, 173, 211
What are the prime factors of 957150?
2, 3, 5, 709
List the prime factors of 12120599.
12120599
List the prime factors of 319258.
2, 159629
What are the prime factors of 314774?
2, 31, 5077
List the prime factors of 8520.
2, 3, 5, 71
What are the prime factors of 191175?
3, 5, 2549
List the prime factors of 28057798.
2, 79, 311, 571
List the prime factors of 179374.
2, 13, 6899
What are the prime factors of 324366?
2, 3, 7, 7723
List the prime factors of 1919396.
2, 23, 31, 673
List the prime factors of 732856.
2, 101, 907
What are the prime factors of 3250242?
2, 3, 180569
List the prime factors of 711011.
7, 101573
What are the prime factors of 125657?
7, 29, 619
What are the prime factors of 361527?
3, 37, 3257
What are the prime factors of 273893?
79, 3467
What are the prime factors of 12670264?
2, 19, 83357
What are the prime factors of 29705072?
2, 281, 6607
List the prime factors of 36624573.
3, 4069397
List the prime factors of 771994.
2, 385997
List the prime factors of 9402240.
2, 3, 5, 59, 83
List the prime factors of 3290682.
2, 3, 491, 1117
List the prime factors of 53926.
2, 59, 457
List the prime factors of 550501.
7, 78643
List the prime factors of 3599126.
2, 1799563
What are the prime factors of 302104?
2, 11, 3433
What are the prime factors of 132433?
7, 18919
List the prime factors of 13198455.
3, 5, 37, 7927
List the prime factors of 9742141.
1129, 8629
What are the prime factors of 200020?
2, 5, 73, 137
List the prime factors of 162610.
2, 5, 7, 23, 101
What are the prime factors of 2207701?
23, 95987
What are the prime factors of 115754?
2, 31, 1867
List the prime factors of 76994.
2, 137, 281
List the prime factors of 333683.
7, 73, 653
What are the prime factors of 431214?
2, 3, 7, 10267
What are the prime factors of 40563271?
7, 19, 113, 2699
What are the prime factors of 24789197?
24789197
List the prime factors of 23876098.
2, 11938049
What are the prime factors of 444254?
